 is the units digit of p?
2
Let o(p) = -p**2 + 5*p - 2. Let b be o(4). Suppose -b*f - 7 = 5*l, f - 4*l = -2*f + 47. Suppose 4*i - 27 = f. What is the units digit of i?
9
Suppose -2*b - 132 = 2*x, x + 2*x + 200 = -4*b. Let j = x + 69. Suppose y = 6*y + j*u - 665, 133 = y + 4*u. What is the tens digit of y?
3
Suppose -5*j + 4 = -36. Suppose -3*s = -j*s - 20, 4*z - 4*s - 612 = 0. What is the units digit of z?
9
Let u be 1 - (-1 + 1) - 371. Let l = -197 + u. What is the tens digit of (-4)/16 + l/(-12)?
4
Let n(z) = 2*z**2 - 10*z + 3. Let l be n(5). Suppose -l*q + 3 = 33. What is the units digit of (-252)/q*(9 - 4)?
6
Suppose -16621 = -20*r + 22979. What is the hundreds digit of r?
9
Let y(r) = 9*r**2 - 10*r + 19. Let f be y(2). What is the tens digit of 3199/f - 6/15?
9
Let a(f) = 17*f + 198. Let l be a(-11). Suppose l*g - 12*g = -5, 2*d - 5*g = 79. What is the tens digit of d?
5
Let q(m) = m**3 - 16*m**2 - 21*m + 70. Let n be q(17). Suppose -2*x = -n*o - 0*o - 306, -2*o - 620 = -4*x. What is the units digit of x?
7
Suppose t = -2, -2*t = -3*y - 6*t + 8725. What is the hundreds digit of y?
9
Let h(p) = 3*p + 5. Let x be h(0). Suppose -5*d + x = 2*r - 3, 0 = 3*r - 4*d - 12. What is the units digit of ((-18)/12)/((-2)/r)?
3
Let i(q) = 8*q**2 - 3*q + 3. Let d be i(1). Let b be 54/(-72) + (-310)/d*-1. Suppose 8*t - b = 346. What is the units digit of t?
8
Let i(y) be the first derivative of -y**4/4 - y**3/3 + 7*y**2/2 - 6*y + 36. Let k be i(3). What is the hundreds digit of k/(-9) - 10/(-15) - -200?
2
Let z = -3790 + 5502. Suppose -21*u + 25*u + 2*y - 628 = 0, y + 461 = 3*u. Suppose 9*t - z + u = 0. What is the hundreds digit of t?
1
Let j be ((138 - (-2 - -7))*1)/1. Suppose 5388 = -130*a + j*a. What is the hundreds digit of a?
7
Suppose -5*d + 35 = -2*g - 3*g, -5*d = 2*g - 21. Let b(h) = 139*h**2 - 14*h - 23. What is the hundreds digit of b(g)?
5
Let n(j) = 19*j**2 - 5*j - 8. Let b be n(-2). Suppose -5*p + 237 = 3*f, -3*f = -0*p - 2*p + b. Suppose 0 = -x + 144 - p. What is the units digit of x?
9
Suppose 37*w + s = 39*w - 5020, 7530 = 3*w - 5*s. What is the thousands digit of w?
2
Suppose -11 = -2*r + z - 6, 0 = r + 4*z - 16. Suppose 5*n - 2371 = -2*q, -r*n + q + 280 + 1609 = 0. What is the units digit of n?
3
Suppose -21*i + 42 + 0 = 0. Suppose -3*a - 5*o = -166, -79*a + 178 = -76*a + i*o. What is the tens digit of a?
6
Let k = 910 - 607. Let q = -175 + k. What is the units digit of q?
8
Let r be 1509 - (5 - 4 - -4). Let x = r - 760. What is the units digit of x?
4
Let a = -12393 + 12342. Suppose 5*s + 244 = -j, 2*s + 128 - 33 = -3*j. Let q = s - a. What is the units digit of q?
2
Let k = 3901 - 839. What is the units digit of k?
2
Let l be 4049 - (1 - -1 - (-26 + 29)). Suppose 31*s - l = 22*s. What is the tens digit of s?
5
Suppose -7*l + 5*l - 10 = 0, 4*l + 23 = m. Let w(r) = 46*r**2 + 4*r - 6. What is the hundreds digit of w(m)?
4
Let d = -3506 + 5023. What is the hundreds digit of d?
5
Let c(i) = i**2 + 39*i + 748. What is the hundreds digit of c(-49)?
2
Let i = 45057 - 29085. What is the ten thousands digit of i?
1
Let n(v) = -3*v**2 - 8*v - 8. Let d(t) = 2*t**2 + 8*t + 9. Let y(p) = -4*d(p) - 3*n(p). Let w be y(-5). Suppose -7 = -r + w. What is the tens digit of r?
6
Let t(r) = -75*r - 43. Let m be t(-24). Suppose -8*v = -v - m. What is the tens digit of v?
5
Suppose -2691 = -21*b - 2*b. Let f = 18 + -13. Suppose -3*z - b = -3*h, 0 = z - 0 + f. What is the units digit of h?
4
Suppose -125*w + 36069 = 3*k - 128*w, 2*w = 6. What is the hundreds digit of k?
0
Suppose -441 = -z + 5*j, j = -z + 5*j + 441. Suppose 0*r + 2*r = -i + 297, 0 = 3*r + 3*i - z. Let l = 309 - r. What is the hundreds digit of l?
1
Suppose -12*u + 7*u - 180 = 0. Let w be (-48)/u*3/2. What is the tens digit of 2 - (-3 - 137)/w?
7
Let m = 17537 + -325. What is the hundreds digit of m?
2
Let t be 1 + (1/4)/(9/36). Suppose -268 = -t*w + 3*h - 80, h - 282 = -3*w. What is the units digit of w?
4
Let f(o) = 2*o + 1. Let w be (4 - 1) + (-10)/10. Let y be f(w). Suppose 110 = g - y. What is the units digit of g?
5
Suppose -58 = 4*n - 66. What is the units digit of 333 + n + (-68)/34?
3
What is the hundreds digit of (31/(1581/(-31178)))/(4/(-138))?
0
Suppose s = -3*t + 130888, -t + 27801 + 15831 = s. What is the tens digit of t?
2
What is the tens digit of 0 + -1 + 13/((-299)/(-134504))?
4
Let u = 1937 + 1308. Suppose 0 = -126*l + 131*l - u. What is the tens digit of l?
4
Suppose h - 109417 = -5*l, -13*l + 3*h - 65631 = -16*l. What is the ten thousands digit of l?
2
Let l be (-25)/(-10)*24/15. Suppose -2*j = -3*v + 1072, -l*v + 1274 = -5*j - 146. What is the tens digit of v?
6
Let j = 29 + -7. Let l(z) = 360 - 62*z**3 - 360 - z - j*z**3. What is the units digit of l(-1)?
5
Let f(h) = 2*h**3 + 38*h**2 - 15*h - 68. What is the hundreds digit of f(16)?
6
Let x(m) = m**3 + 3*m**2 + 11*m + 34. Suppose 28*z - 10*z = 198. What is the hundreds digit of x(z)?
8
Suppose -3*f = -382 - 158. Suppose 0 = t - 0*t - f. Let w = t - 67. What is the units digit of w?
3
Let q = -22 + 29. Let d(n) = 0*n + q*n**2 + 9*n - 10*n + 5. What is the units digit of d(4)?
3
Let p(k) = 182*k + 153. Let y = 110 + -104. What is the hundreds digit of p(y)?
2
Let s(c) = -29*c + 106. Let v(r) = -r + 1. Let p(f) = s(f) - 5*v(f). What is the hundreds digit of p(-37)?
9
Suppose 3*j + 408 = -2*y, -5*y - 818 = -y + 5*j. Let h be y*(88 + 2)/(-5). What is the units digit of h/42 - (-6)/21?
9
Let m(g) = -g**2 + 5*g + 1. Let q be m(4). Suppose 0 = -152*p + 161*p - 2754. Suppose q*l - 3*v = -43 + p, 2*v + 262 = 5*l. What is the tens digit of l?
5
Suppose -6203*l - 13020 = -6217*l. Let g(o) = -2*o + 3. Let b be g(2). What is the units digit of ((-1)/(-1) - b)/(31/l)?
0
Let q be (-6)/(-21) - (-234)/14. Let k(z) = -z**2 + 31*z - 61. What is the tens digit of k(q)?
7
Suppose -25*y = -10 + 60. Let z(t) = -443*t - 107. What is the tens digit of z(y)?
7
Let o be 1 + (-2)/(-6) + 66/(-9). Let h be 1 + o/4 + (-29)/(-58). Suppose h*a - 3*l + 195 = 2*a, -3*l = -3. What is the tens digit of a?
9
Let x(v) = v**2 - 6*v - 8. Let p be x(10). Let c = p - 29. Suppose 57 + 54 = c*z. What is the units digit of z?
7
Let r(s) = 49*s**2 + 42*s + 86. What is the hundreds digit of r(-25)?
6
Suppose 0 = 60*i - 432729 + 122460 - 1598331. What is the hundreds digit of i?
8
Let y(j) = 34*j**2 + 901*j + 14. What is the ten thousands digit of y(-47)?
3
What is the units digit of (-2)/(-8)*12643 + ((-450)/(-40))/9?
2
Let z be 12/(-18) + 4/(-12). Let f be z*(4 - 2)*-2. Suppose -f*t = a - 174, 3*a = -4*t + 64 + 114. What is the units digit of t?
3
Let f(s) = s**3 - 90*s**2 + 446*s + 229. What is the hundreds digit of f(86)?
0
Let t(v) = 6*v - 30. Let r be t(8). Let z = r + -36. Let k = 66 - z. What is the units digit of k?
4
Let c(j) = 712*j**2 - 190*j - 1. What is the hundreds digit of c(2)?
4
Suppose -13*q + 36 = 387. What is the hundreds digit of 189/q - (-1135 + -1)?
1
Suppose 5*t - t - 8 = 0. Suppose 4*h = 4 + 4, 3*n + t*h = 2197. What is the hundreds digit of n?
7
What is the thousands digit of (-13 - 0/(-5)) + 5827?
5
Let x(h) be the first derivative of -h**4/2 - 4*h**3 - 3*h**2/2 - 9*h + 3. Suppose 0*p = 4*p + 24. What is the units digit of x(p)?
9
Let b = -31 + 36. Suppose -u = -b - 0. Suppose 3*c + 2*g + 118 = 4*c, 4*c + u*g = 498. What is the hundreds digit of c?
1
What is the units digit of ((-1500)/(-40))/(5/6170)?
5
Suppose 42*b = -55274 + 222938. What is the tens digit of b?
9
Let u = -69 - -69. What is the hundreds digit of 3/9*(1014 + -3 + u)?
3
Let f = 1 + 31. Suppose 0*v - 4*v = 4*n - f, 0 = 4*n + 3*v - 30. What is the units digit of ((-38)/(-4))/(3/n)?
9
Let f(o) = 5 - 121*o**3 - 237*o**3 - 1167*o**3 - 6 - 2*o + 2*o**2 + 3*o. What is the units digit of f(-1)?
5
Let q(m) = -197*m - 1240. Let i be q(-7). Let r(u) = -23*u - 3. Let k be r(4). Let n = k + i. What is the tens digit of n?
4
Suppose -4*l - 34 = -2*u, 0 = -l + 2 - 1. Suppose -u*c = -3390 - 5141. What is the units digit of c?
9
Let k be (-6)/(-9)*(0 + -3). Let p(d) = 6*d**2 - 1. Let r be p(k). Let f = r + -3. What is the tens digit of f?
2
Let n(b) = 3064*b**2 + 30*b + 80. What is the units digit of n(4)?
4
Suppose -2*o + 27 = 29. Let c(u) = -3*u - 3. Let i be c(o). Suppose i = 5*q - k